hen a is divided by x(-6).
11
Calculate the remainder when ((-98)/(-4))/(2/4) is divided by 4.
1
Let m = 53 + -46. Suppose -508 = -m*i + 3*i. Calculate the remainder when i is divided by 32.
31
Suppose u - 5 = 0, 3*u = -i + 4*u - 2. Suppose -i*o = -0*o - 120. What is the remainder when o is divided by 7?
5
Let d be 147/12 - 2/8. Suppose 27 = h - d. What is the remainder when h is divided by 21?
18
Suppose -k + y = -6 - 5, -5*y = 10. Calculate the remainder when k/18 - (-107)/2 is divided by 316/28 + (-3)/(63/6).
10
Suppose b + 205 = 3*m, -m = -5*m - b + 264. Suppose -a - a + m = 3*j, 5*a = 2*j + 215. Let p = -11 + 22. Calculate the remainder when a is divided by p.
8
Suppose 0 = -7*v + 3*v, -5*k - 3*v - 35 = 0. Let h = k + 44. Calculate the remainder when h is divided by 14.
9
Let a(u) = 8*u**2 - 126*u + 21. Calculate the remainder when 144 is divided by a(16).
38
Suppose -35 - 325 = -36*v. What is the remainder when 39 is divided by v?
9
Let s(p) = -14*p**2 + 15*p**2 - 4 + 2*p + 2. Let g be s(2). Suppose -g*v = -19 - 35. What is the remainder when 44 is divided by v?
8
Let b = 154 + -127. What is the remainder when b is divided by 22?
5
Let i = 537 - 457. Calculate the remainder when 239 is divided by i.
79
Let g(m) = m**2 + 13*m + 19. Let o be g(-13). Suppose i + 3 = o. What is the remainder when 44 is divided by i?
12
Suppose 3*b - 12 = -2*q + 4*b, 3*q - b - 17 = 0. Let h = -5 + q. Suppose u - 1 = g, h = 4*g + u + 4*u - 41. Calculate the remainder when g is divided by 3.
1
Let w(n) = -8 + 7 + n + 27. What is the remainder when w(-9) is divided by 15?
2
Suppose 2*y = 2 + 4. Suppose -3*c = 5*b - 71, 0*c + 4*b = 2*c - 40. Let g(k) = -k**2 + 24*k - 35. What is the remainder when g(c) is divided by y?
0
Suppose -6*s + 12*s - 12 = 0. Suppose s*v + v - 27 = 0. Calculate the remainder when 24 is divided by v.
6
Let c = -205 + 659. What is the remainder when c is divided by 66?
58
Suppose x + 126 = -2*x. Let j be (-1)/6 + (-1393)/x. Let f = -15 + j. What is the remainder when f is divided by 5?
3
Let x(v) = v**2 + 21*v + 30. Let q be x(-20). Suppose -3*l = s - 11, 5*s - 4*l - q - 7 = 0. Calculate the remainder when s is divided by 4.
1
Suppose 2639 + 14969 = 71*c. Calculate the remainder when c is divided by 81.
5
Suppose -5*h + 19*h - 8512 = 0. Calculate the remainder when h is divided by 47.
44
Let d(c) = c**3 - 2*c**2 - 2. Let a be d(3). Suppose s - a = 2. What is the remainder when (-6)/((s/(-2))/9) is divided by 5?
2
Let w = -350 + 376. Suppose -a + 21 = -287. What is the remainder when 1*-1 - a/(-4) is divided by w?
24
Suppose 4*i - i + 42 = m, 2*i = -2*m + 68. Suppose 2*t = -4*h + m, -3*t = 2*h - 24 - 14. Calculate the remainder when t is divided by 4.
2
What is the remainder when 59 is divided by (36/3)/(-3) - -16?
11
Suppose 4*h = 14 + 2, 22 = 3*d + h. Suppose d = -o + 3*o. Suppose -r = -1, 5*l - o*r = 2*r + 140. Calculate the remainder when 56 is divided by l.
27
Let k = -1107 - -1128. Calculate the remainder when 235 is divided by k.
4
Let k(r) = 16*r + 169. What is the remainder when 196 is divided by k(-8)?
32
Let u(s) = s - 8. Let c be u(10). Suppose 12 + 2 = m + 2*x, -7 = -c*m + 3*x. Let q(l) = l**2 - 14*l - 17. What is the remainder when q(16) is divided by m?
7
Calculate the remainder when 4/(-14) - (-228)/14 is divided by ((-6)/(-7))/(310/3255).
7
Let b(k) = k**3 - 9*k**2 - 18*k - 28. What is the remainder when 186 is divided by b(11)?
10
Let m(y) = -y**3 - 2*y**2 - 2*y - 1. Let s be m(-1). Suppose -5*k + 5*x = -75, -k + s*x = 2*x - 27. Calculate the remainder when 73 is divided by k.
16
Let j(a) = -4*a + 29. Suppose -o - 13 + 46 = 0. What is the remainder when o is divided by j(6)?
3
Let h = 242 - 163. Calculate the remainder when h is divided by 20.
19
Let s(h) = -17*h**3 + 4*h**2 + 4*h + 3. Let q be s(-2). Suppose 8*o = -27 + q. Let z(w) = w**2 - 13*w - 7. What is the remainder when z(o) is divided by 12?
11
Suppose 4*r - 2*y + 3*y = 29, -2*r = -3*y + 3. Calculate the remainder when (r - 0)*((-50)/(-4) + -3) is divided by 10.
7
Let o be 2455 + 20/(-30)*3/2. What is the remainder when o/15 + (-6)/10 is divided by 15?
13
Suppose 51*m = 16*m + 1120. Calculate the remainder when m is divided by 9.
5
Suppose -4*v + 131 = 15. What is the remainder when 2375 is divided by v?
26
Suppose 4*u + 0*u - 20 = 4*n, -u - 4*n = 10. Suppose 6*b = u*b + 80. Suppose 16*m = 15*m + 38. What is the remainder when m is divided by b?
18
Let w be (-45)/(-15) + 1*86. Suppose 4*a + 17 - w = 0. Calculate the remainder when 71 is divided by a.
17
Calculate the remainder when 147 is divided by (-16)/(-240) - (-6201)/135.
9
Let l = -369 + 384. What is the remainder when 65 is divided by l?
5
Calculate the remainder when (6 - 10)*(-451)/22 is divided by 6.
4
Let f be (-807)/(-18) - 1/(-6). Suppose b = -4*b + f. Calculate the remainder when 24 is divided by b.
6
Let m(o) = o**3 - 15*o**2 - 3*o + 249. Calculate the remainder when 148 is divided by m(14).
5
Suppose -2*o = -o + 2*g - 18, 5*g = -5*o + 65. Suppose 5*n - 117 = -2*l, -16 + 1 = -3*n. Calculate the remainder when l is divided by o.
6
Let n = -81 + 87. Suppose -w - 27 = -x, n*x = x - 3*w + 95. Calculate the remainder when x is divided by 12.
10
Suppose -53*g + 16081 = 1718. What is the remainder when g is divided by 23?
18
Let y = 65 + -29. Suppose -3*z = -4*p + 92, 3*p - 4*z - 33 = y. Calculate the remainder when 136 is divided by p.
21
Let b be (-4)/6*3*-2. Let c = 12 + -1. What is the remainder when (10/b)/((-8)/(-128)) is divided by c?
7
Let y = 16 + -14. Suppose -y*l + 3*l = 22. Let x = -10 - -18. What is the remainder when l is divided by x?
6
What is the remainder when 1517 is divided by ((-11856)/36)/13*-3?
73
Suppose 96*v - 496 = 88*v. Calculate the remainder when 242 is divided by v.
56
Suppose w - 369 = v, w - 339 = -8*v + 3*v. What is the remainder when w is divided by 6?
4
Let w(m) = -21*m**2 - 6*m + 21. Let p(t) = -10*t**2 - 3*t + 10. Let z = -3 - 10. Let r(x) = z*p(x) + 6*w(x). What is the remainder when 69 is divided by r(2)?
15
Let q = -17 - -21. What is the remainder when 24 is divided by q + -3 + 16/4?
4
Suppose 0 = 61*v - 67*v + 612. What is the remainder when v is divided by 29?
15
Let x(q) = 3*q**2 - 2*q - 34. What is the remainder when x(8) is divided by 24?
22
Suppose 28*m - 22*m - 342 = 0. What is the remainder when m is divided by (0 + -4)*-1 + 6?
7
Let a(q) = q**2 - 14*q + 56. Suppose 5*o = -p + 2*o - 39, 0 = 4*p + 2*o + 106. Let g = -10 - p. Calculate the remainder when g is divided by a(6).
6
Suppose 0 = i + 5*z - 42, 166 = 4*i - i - 5*z. Calculate the remainder when i is divided by 33.
19
Let r(l) = -l**3 - 4*l**2 + 6*l + 8. What is the remainder when 14 is divided by r(-5)?
2
Suppose -2*t - 1 = -5. Suppose -10 = -4*a + t. Suppose -48 = -a*b - b. What is the remainder when 46 is divided by b?
10
Let o(n) = -n**3 - n**2 + 7*n + 12. Let w(i) = 5*i + 6. Let g be w(-2). What is the remainder when o(g) is divided by 11?
10
Let w(u) = -2*u**3 - 4*u**2 - 16*u - 34. Suppose 0 = 3*x + 6, 5*n + 5*x - 19 = 16. What is the remainder when w(-3) is divided by n?
5
Let h = 88 - 25. What is the remainder when 314 is divided by h?
62
Suppose -5*c - 15 = -60. Let m = 27 + c. What is the remainder when m is divided by 13?
10
Suppose 2*b = -5*f + 18, -2*f = 4*b + 127 - 147. Let m = 7 + -4. Suppose -6*v = -m*v - 6. Calculate the remainder when f is divided by v.
0
Suppose -5*f - 5*v = -480, 0 = -65*f + 66*f - 4*v - 121. What is the remainder when f is divided by 13?
10
Calculate the remainder when (-86)/(-3) + -6*10/(-180) is divided by 7.
1
Calculate the remainder when 86 is divided by 8/12 + (2 - (-312)/18).
6
Let d be ((-42)/(-6))/((-2 - -1) + 2). Let y = d + -3. What is the remainder when 6 is divided by y?
2
Suppose -25 = t - 6*t. Suppose -66 = -5*i - 3*c, t*i - 2*c = 64 + 17. Let h = -64 - -73. Calculate the remainder when i is divided by h.
6
Let l(z) = z + 87. What is the remainder when l(21) is divided by 57?
51
Calculate the remainder when 392 is divided by (-68)/(-2) + -6 + (9 - 1).
32
Suppose -2*d + 2 = 4*h, -7 = 5*h - 2. Suppose 0 = l + d*l - 36. Calculate the remainder when (-11)/((-3)/(l/3)) is divided by 3.
2
Let l(c) = -7*c + 247. Calculate the remainder when 343 is divided 